 f be (-1)/4 + (-147)/(-28). Suppose -f*m = -14 + 4. Let h(y) = 7*y - 1 + 0 - 1. What is h(m)?
12
Suppose -2*m = -3*t + 9, -5*t + 15 = -0*t - 4*m. Let s(r) = 3 + r**3 - 6*r**2 + 3*r**2 + 0*r**3. Give s(t).
3
Let h(u) = -3*u - 5. Let q be h(-5). Suppose q = -6*b + 28. Let c(i) = i**3 - 5*i**2 + 5*i - 2. Give c(b).
-5
Let y(t) = t**2 + 4*t - 6. Suppose 2*i + 6 = i. Let b = 1 + i. Give y(b).
-1
Suppose -4*z + f + 5 = 0, -2*z = 2*f - 9 - 1. Let n(v) = -3*v**2 - 6*v + 2*v**2 + v**z + 1 - 5*v**2 + v**3. Determine n(6).
1
Suppose 3*b - 19 = -19. Let t(o) = -o**3 - o**2 - o - 2. Determine t(b).
-2
Suppose -l + 5*m - 1 = 15, 2*l + 8 = 4*m. Let a(f) be the third derivative of f**6/120 - f**5/12 + 5*f**4/24 - 5*f**3/6 - f**2. Give a(l).
-1
Suppose -4*y + 9 = -3. Suppose b + 5 = -t - 0*b, t + y*b = -3. Let x(j) = j**2 + 6*j + 2. Determine x(t).
2
Let o(x) = x**2 + 2*x - 18. Let t be o(4). Let h(s) = -3 - 12*s + 5*s + s**3 - 1 - 5*s**2 + t*s. Calculate h(5).
-9
Let c(p) be the second derivative of -p**4/12 - 3*p**3/2 + 7*p**2 - 4*p + 30. Calculate c(-11).
-8
Suppose -2*l - 2 = -12. Suppose -l = -5*r + 5. Let z(v) = 2*v + r*v**2 - 3*v + 3 - 3. Calculate z(-1).
3
Let z(s) be the second derivative of 11*s + 0 - 1/3*s**3 + 2*s**2 + 1/12*s**4. Determine z(3).
7
Let u(n) = -5 + 6*n - n**2 + 0 + 1 + 6. Let z be u(5). Let b(d) = d**2 - 4*d - 8. Give b(z).
13
Let z(x) = -x. Let t(y) = -3*y - 6. Let d(g) = -2*t(g) + 5*z(g). Determine d(-6).
6
Let y(o) = 5*o + 1. Suppose 20 = 3*j + j. Suppose j*t + 12 = c, 8 + 8 = -5*t + 3*c. Determine y(t).
-9
Let x(h) = h**3 + 11*h**2 - 3*h - 12. Let r(w) = -w**3 - 12*w**2 + 4*w + 13. Let n(s) = -5*r(s) - 6*x(s). Calculate n(-5).
-8
Let t(k) = 16*k**2 - 25*k - 19. Let p(d) = -7*d**2 + 12*d + 9. Let w(u) = -9*p(u) - 4*t(u). What is w(-9)?
-14
Let c(a) be the third derivative of 0*a - a**2 + 0 - 2*a**3 + 1/24*a**4. What is c(7)?
-5
Let a be 80/(-30)*(-3)/(-4). Let v(p) = p**2 + 3*p + 1. Give v(a).
-1
Let g(j) = j - 1. Let v(m) = 4*m**2 + 32*m + 7. Let s = -114 + 106. Let t be v(s). Calculate g(t).
6
Let k(o) = 7*o - 2. Let g be 13 + (74/(-20) - (-96)/(-320)). Determine k(g).
61
Let f(x) = x**3 + 3*x**2 + 3*x + 2. Let y = -50 - -116. Let p = y - 68. Determine f(p).
0
Let h(f) = 13*f**3 - 26*f**2 + 9*f + 17. Let o(b) = 3*b**3 - 7*b**2 + 2*b + 4. Let y(m) = 2*h(m) - 9*o(m). Determine y(11).
-2
Let y(i) = 4*i + 24. Let f be y(-7). Let c(v) = v**2 + 5*v + 2. Determine c(f).
-2
Let c(f) be the first derivative of -f**4/4 + f**2/2 + 7. Let n(w) = 5*w**3 + 6*w**2 - 2. Let u(a) = -4*c(a) - n(a). What is u(-5)?
-3
Let r(t) be the second derivative of -t**4/12 - 3*t**3 + 21*t**2/2 - 10*t. Let d be r(-19). Let i(h) = -h**2 - 2*h + 1. Calculate i(d).
-7
Suppose -2 + 6 = -h, x + 27 = -5*h. Let d = x - -1. Let g(t) = 8*t - 2 + 0*t - t + t**2. Give g(d).
-8
Let j = 58 + -35. Suppose 5*n - 7 - j = 0. Let q(d) = -6*d**2 + 4 + 1 + d**3 - d - 4. Give q(n).
-5
Let i(x) be the first derivative of -x**3/3 + 3*x**2/2 + 120. What is i(3)?
0
Let o(w) = -w**2 - 9*w + 28. Let f = 290 + -302. Give o(f).
-8
Let v(r) be the third derivative of r**8/20160 + r**7/720 - r**6/144 - 7*r**5/60 + 3*r**2. Let l(j) be the third derivative of v(j). Calculate l(-6).
-11
Let x(m) = -2*m - 5. Let i = -2118 + 2116. Determine x(i).
-1
Let s(z) = 62*z - 441. Let c be s(7). Let j(k) = -k**2 - 5*k + 2. What is j(c)?
-12
Let h = 7 - 2. Suppose h*p = 7*p + 10. Let s(u) = u**2 + 6*u. What is s(p)?
-5
Suppose 0 = p - 3*p. Suppose p = 5*q, -3*q + 6 = 3*j + q. Let y(f) = -8 + 5 - f**3 - j. What is y(0)?
-5
Let w(k) = k**2 - 6*k + 4. Suppose -4*t = t - 30. Let v(u) = -u**3 + 5*u**2 + 5*u. Let h be v(t). Let i be (-2)/h*(6 - -3). What is w(i)?
-5
Let t be (8 - 5) + (1 - 0). Let i(c) be the third derivative of 5/6*c**3 - 1/24*c**4 + 0 + 0*c + 11*c**2. Calculate i(t).
1
Suppose -k + 3*a + 6 = 0, 2*k = -3*a + 6*a + 3. Let h(x) = x - 2*x**2 + 1 - 3*x**2 + 6*x**2. Give h(k).
7
Let x = 307/126 + 4/63. Let j(o) be the second derivative of x*o**2 - o + 0 + 5/6*o**3 + 1/12*o**4. What is j(-5)?
5
Let d(p) = p**3 - p**2 - 6*p - 5. Let l(m) = -3*m**3 + 2*m**2 + 17*m + 14. Let x(t) = -11*d(t) - 4*l(t). Suppose -225*v + 689 - 239 = 0. Calculate x(v).
15
Let l(v) be the second derivative of -1/360*v**6 + 4*v + 1/12*v**4 + 0 + 0*v**3 + 1/30*v**5 + 0*v**2. Let t(b) be the third derivative of l(b). Determine t(4).
-4
Let m(z) = 2*z**2 - 2*z + 1. Let h = -591 + 592. What is m(h)?
1
Let p(u) = 12 + u**2 - 10*u + 0*u - 5. Let c be 91/130*10 - 0. What is p(c)?
-14
Suppose 2 = -5*s + 5*i + 22, -12 = -s + 3*i. Suppose 3*k - 3*t - 12 = s, -2*k + 9 = k - 2*t. Let h(w) = 6*w + 1. Determine h(k).
7
Let v be (-8)/(-2)*15/(-12). Let m(d) be the second derivative of d**6/720 + d**5/60 + 2*d**4/3 - d. Let r(q) be the third derivative of m(q). What is r(v)?
-3
Let o(h) = -13*h**3 + 4*h**2 - 2*h + 5. Let b(g) = -13*g**3 + 5*g**2 - 2*g + 6. Let i(c) = 3*b(c) - 4*o(c). What is i(1)?
12
Let t(x) = 8 - 8 - 6 + 3 - x. Determine t(-7).
4
Let a(y) = y + 13. Let j be a(-9). Let k(c) = -c**2 + 5*c. Let r be k(j). Let d(i) = i**3 + i**3 + i - 2 + 4*i**3 - 3*i**2 - r*i**3. Calculate d(2).
4
Let r(z) = 2*z**3 + 7*z**2 - 6*z - 12. Let g(l) = l + 1. Let o be g(-5). Give r(o).
-4
Suppose -2*v + 6*h - 7*h = -16, v + h = 10. Let c(k) be the third derivative of -k**4/12 + 7*k**3/6 - 185*k**2. Give c(v).
-5
Let r(m) = -2*m**2 + 5*m - 1. Suppose 4*x = 7*u - 11*u + 4, -3*u = 3. Calculate r(x).
1
Let x(t) = t**3 + 8*t**2 + 9*t + 16. Let d be x(-7). Let f(w) = -2*w**3 + w. What is f(d)?
-14
Let i(s) be the first derivative of s**3/3 + s**2 + s + 214. Give i(-1).
0
Let m be 1 + (0 - (3 + -7)) - 7. Let w(x) = 0 - 3 - 4*x + 4. Determine w(m).
9
Let p(q) be the third derivative of -q**7/840 + q**6/120 + q**5/15 - q**4/8 + q**3 - 13*q**2. Let t(b) be the first derivative of p(b). What is t(5)?
-13
Let n be 11/22*2*19. Let r = n + -1. Let d(w) = 2 - w**2 - 17*w + r*w - w**2 + w**2. What is d(-3)?
-10
Let a(y) = 15*y + 8. Let m(u) = 7*u + 3. Let j(w) = 3*a(w) - 7*m(w). What is j(2)?
-5
Let o be ((-3)/(-9))/(6/342). Suppose -o = -3*z - 10. Let b(k) = 5 + k**3 + 5 + 4*k**2 - 3*k - z. Give b(-5).
-3
Let n(o) be the third derivative of -o**6/120 - o**5/10 + o**4/8 + o**3 + 37*o**2. Calculate n(-6).
-12
Let b(q) be the third derivative of -q**5/60 - q**4/8 + 3*q**3 + 443*q**2. Determine b(4).
-10
Suppose 5*s + 2*x - 38 = 0, 0 = 3*x + 1 + 2. Let t(g) = -g**3 + 9*g**2 - 6*g - 4. Give t(s).
12
Let x be (-551)/145 + (-3 - (-38)/10). Let c(d) = 9*d + 25. What is c(x)?
-2
Let j be (15/10)/((-12)/16). Let t(i) = -3*i - 3. What is t(j)?
3
Let u(r) = -r**3 + 6*r**2 + 7*r + 4. Let f = -38 - -16. Let j = f + 29. Calculate u(j).
4
Let z(b) = 7*b - 1. Let g(f) = 13*f - 2. Let x(d) = 6*g(d) - 11*z(d). Suppose 127 = 3*m + 133. What is x(m)?
-3
Let c(g) = 9*g - 10 + 11*g + 1 - 19*g. Determine c(8).
-1
Suppose 0 = -3*k + 4 - 19, -t = k + 10. Let h(m) = m**2 + m - 1. What is h(t)?
19
Let y(s) = s**2 + 3*s - 2. Suppose -r + 1 = -4*z - 4, 0 = -5*z - 2*r + 10. Let q(a) = 5*a + 0 - 7 - 1 + z + a**2. Let b be q(-6). What is y(b)?
-4
Let o(r) be the second derivative of -r**5/20 + 5*r**4/12 + 5*r**3/6 + r**2 - 2*r. Let z = 140 - 134. What is o(z)?
-4
Let i(q) be the second derivative of 1/2*q**2 + 2*q + 0 + q**3. Calculate i(1).
7
Let m(v) = -v**3 - 4*v**2 - v + 2. Let t be (-46)/69 + (7/(-3))/1. Give m(t).
-4
Let l = -22 - -24. Suppose l*z = -41 + 17. Let k = -11 - z. Let s(o) = -5*o**3 - 2*o + 1. Determine s(k).
-6
Let m(i) = i**2 - 3*i + 7. Let g(o) = -2*o + 2. Let w(r) = -5*g(r) + m(r). Give w(-7).
-3
Let s(f) be the third derivative of f**6/120 + f**5/60 + f**3/6 + f**2. Let c be 0 + 24/40 - (-36)/(-10). Give s(c).
-17
Let b(d) = d**2 + 3*d. Let w = 901 - 905. Determine b(w).
4
Let j(i) = -i**3 + 2*i**2 + 4*i - 1. Let q(d) = -d**2 + 33*d - 59. Let b be q(31). What is j(b)?
2
Let h(k) = k**2 + 3 - k**3 - 3*k**2 - 2*k**2 + 6*k. Suppose -3*c - s + 5 = -4*c, -9 = 3*c - 5*s. Let g = c + 3. What is h(g)?
-2
Let a(f) = 10*f - 25. Let l be 110/44 + (-6)/(-12). Calculate a(l).
5
Let a(d) = -d + 5. Let l(m) = m**3 + 5*m**2 + 3*m + 2. Let b be l(-4). Suppose 0 = q - 2*u + 3*u - 3, -2*q + 2 = -2*u. Let v be (-9)/q*(-8)/b. Calculate a(v).
-1
Let j(w) = -2*w**3 - 3*w**2 + w + 2. Suppo